 remainder when x(5) is divided by d.
11
What is the remainder when 3376 is divided by 10/100 + (-4225)/(-250)?
10
Let n = 17108 + -17070. Let a(u) = 3*u**2 + 3. Let m be 1 + -2 - 4 - 1. Calculate the remainder when a(m) is divided by n.
35
Let n = -4449 + 4486. Let i = -246 + 393. Calculate the remainder when i is divided by n.
36
Suppose 0*y - 105 = 7*y. Let s be 174/y + 2/(-5). Let x = -4 - s. What is the remainder when 29 is divided by x?
5
Calculate the remainder when (2/(-6))/((-450)/927450) is divided by 36.
3
Let q(w) = -2*w**2 + 27*w + 11. Let z be (3 + (4 - 4))/1. Let j(b) = 3*b**3 + b**2 + b. What is the remainder when j(z) is divided by q(13)?
21
Calculate the remainder when 680 is divided by 124*(5/(-1) - (1 - (-39)/(-6))).
60
Suppose 4*m + 49 = -2*b + 647, -2*b = -2*m + 302. Let u = -125 + m. What is the remainder when u is divided by 6?
1
Suppose 0 = l + c - 443, 2*l + 877 = 4*l - c. Let b = l + -418. Calculate the remainder when 37 is divided by b.
15
Let q = 3872 - 3793. Calculate the remainder when 1036 is divided by q.
9
Let q(f) = f**2 + 7*f + 3. Suppose 61 = 6*u + 19. Calculate the remainder when (-1)/(3/(-51)) - u/7 is divided by q(-8).
5
Let h(f) = 1591*f**2 + 20*f + 35. What is the remainder when h(-2) is divided by 159?
158
Let a = 10976 + -10930. What is the remainder when 4827 is divided by a?
43
Let t(x) = -2*x**2 + 219*x - 1303. Calculate the remainder when t(72) is divided by 216.
209
Let g = -8806 + 8826. What is the remainder when 119 is divided by g?
19
Suppose 1 = q, -g + 3*q - 7*q = -12. Suppose -g*d + 528 + 40 = 0. Suppose -9*w + 11*w - 74 = 0. Calculate the remainder when d is divided by w.
34
Let b(x) = 2*x + 11*x + 29*x - 108 + 0*x. Calculate the remainder when b(4) is divided by 16.
12
Suppose 3*v - m + 6*m = 188, 5*v = 2*m + 272. Suppose 7*t - v + 21 = 0. Suppose -12*q = -t*q - 70. What is the remainder when 34 is divided by q?
4
Let u(i) = 31*i + 1342. Calculate the remainder when 195 is divided by u(-42).
35
Suppose -272*m + 3325 = -247*m. What is the remainder when m is divided by 48?
37
Let a be (1*-3)/(264/352). What is the remainder when 1010/9 + 8/(-36) is divided by a + 0 + (38 - 15)?
17
Let s = 73 - 103. What is the remainder when (-100)/(20/(-4)) + 3 is divided by (-1 - s/4)*2?
10
Let l = -19 - -51. Suppose 4*m + 14 = -4*z + 46, 0 = -4*z + 4*m + l. What is the remainder when 47 is divided by z/14 + (-400)/(-35)?
11
Calculate the remainder when (94/188)/(3/1158 - 0) is divided by 75.
43
Let s = 1610 + 866. What is the remainder when s is divided by 62?
58
Suppose 13*w = 20*w - 28. Let t be w*(-3)/(-12)*1. Calculate the remainder when t - -184 - (-6 - -9) is divided by 46.
44
Let b = 243 + -237. What is the remainder when (20/(-8))/5*(-300)/2 is divided by b?
3
Let j be (-16)/(-4) - 3/(3/1). Suppose 329 = 9*k - 5*k + j*q, -q - 1 = 0. Calculate the remainder when k is divided by 28.
27
Let d(p) = -p**2 + 25*p - 77. Let x be d(21). Suppose -x*h + h = -114. Calculate the remainder when h is divided by 12.
7
Let z = -22 - -9. Let g(s) = s**3 + 12*s**2 - 16*s + 9. Let o be g(z). Suppose -87 = -5*i + o. What is the remainder when 78 is divided by i?
24
Let n(k) = 33*k**3 + 2*k - 1. Let d = 7 + -6. Suppose -144 = -13*z - 53. Calculate the remainder when n(d) is divided by z.
6
Suppose r = -k + 9 + 6, -2*r = 5*k - 45. Let b(w) be the second derivative of -5*w**3/2 - 155*w**2 + 683*w. Calculate the remainder when b(-25) is divided by r.
5
Calculate the remainder when (30/4)/((-64)/(-4992)) is divided by 62.
27
Let b = 6965 + -5821. Calculate the remainder when b is divided by 374.
22
Let r(g) = -g**2 + 19*g - 6. Let z(s) = -s**2 + 67*s - 1088. What is the remainder when r(8) is divided by z(37)?
16
Let m(y) = 4*y**2 + 19*y + 19. Calculate the remainder when 86 is divided by m(-7).
4
Let z = -15 + 19. Suppose -z*y = y - 25. Suppose y*c - 4*c = 74. What is the remainder when c is divided by 15?
14
Let b be (-2)/(-4) + -1 - 5667/(-2). Let h be (-66)/14 - -5 - b/(-7). Suppose 6*r - 11*r = -h. Calculate the remainder when r is divided by 14.
11
Let z(w) = -6*w**2 - 18*w**3 + 2*w - 1 + 24*w**3 + 2*w. Let t be z(3). Suppose 0 = 5*r - t - 11. Calculate the remainder when 50 is divided by r.
24
Let s(i) = 13*i + 250. Suppose -q = 3*q - 32. Calculate the remainder when s(-4) is divided by q.
6
Suppose 14253 = 145*p - 3290 + 723. What is the remainder when 711 is divided by p?
15
Calculate the remainder when ((-21)/(105/2410))/(11/(-22)) is divided by 163.
149
Suppose -5*j - 115 = -5*b, 4*j + 109 = -j + 3*b. Let c = j - -70. Calculate the remainder when 148 is divided by c.
48
Let p(k) = 7*k**2 - k + 1. Suppose 3*b = -x + 546, 2*b - 377 = -7*x + 2*x. Let s = b + -144. Calculate the remainder when p(4) is divided by s.
35
Let r(m) = 5*m**2 + 3*m - 3. Let f be r(3). Suppose 3*t - f = -3*x, -2*t - 4 = -0. Let n = 624 + -550. What is the remainder when n is divided by x?
17
Suppose 0 = 5*u + 30, 31*u = 4*i + 30*u - 6002. Calculate the remainder when i is divided by 245.
29
Let v(q) = -q - 9. Let d(n) = 2*n**2 - 9*n + 7. Let f be d(3). What is the remainder when ((-32)/40)/(f/10) is divided by v(-11)?
0
Suppose 45*o - 242 + 6542 = 0. Suppose -143 = h + 4*m, -h + 2*m = 179 - 66. Let y = h - o. What is the remainder when 50 is divided by y?
16
Let d be (0 - 0) + 6/(-2)*-6. Let q be (17 - d)*2*(-1 + 0). Let i(b) = 5*b + 6. Calculate the remainder when 109 is divided by i(q).
13
Let u be (0/(4/(2 + -6)))/2. Suppose u = -a + 5*g + 11, 22 + 9 = 2*a - g. Calculate the remainder when 63 is divided by a.
15
Suppose -12 = 2*h, -42*h + 1917 = 3*q - 37*h. Calculate the remainder when q is divided by 25.
24
Suppose 23*h = 59951 + 861. What is the remainder when h is divided by 43?
21
Let c(q) = 239*q**3 + 7*q**2 - 7*q - 21. Calculate the remainder when c(2) is divided by 9.
6
Calculate the remainder when -7914*(-4 + (-3)/72*-92) is divided by 24.
23
Suppose 0 = -6*d + 2*d - 8, -3*k - d + 1108 = 0. Suppose -8*s + 22 = -k. Let c = -42 + s. Calculate the remainder when 8 is divided by c.
1
Let j(t) = -104*t + 108*t - 2 - 5 - t**3 + 2*t**2 + 4*t**2. Calculate the remainder when j(-3) is divided by 21.
20
Suppose -45 = -2*q + 11. What is the remainder when q is divided by (-19)/(-437) - 321/(-23)?
0
Let c be 112/49 - (-20)/28. Suppose c*a - 102 = -3*f, 23 + 9 = f - a. Calculate the remainder when 195 is divided by f.
30
Suppose 2*g = 2*a - 522 - 542, -3*a + 1604 = -g. What is the remainder when a is divided by 163?
47
Let g = 27491 + -26201. What is the remainder when g is divided by 160?
10
Suppose -5*p + 11 = 5*w - 214, -w + 65 = 5*p. Suppose -19*s = -17*s - w. What is the remainder when 156 is divided by s?
16
Let c(w) = -w**2 + 16*w + 153. What is the remainder when 5899 is divided by c(22)?
19
Suppose -192 = -4*s + 80. Let n = -893 + 928. What is the remainder when s is divided by n?
33
Let f(y) = -y**2 - 7*y - 10. Let c be f(-7). Let b be 14*c*(-2)/4. Suppose 4*l = -l + b. Calculate the remainder when 68 is divided by l.
12
Suppose 2*b - 2*m - 14 = 18, -m = 4. Suppose 9*k - b = 6. Suppose 0 = -7*x + 40 + k. Calculate the remainder when 21 is divided by x.
3
Let c(k) = 2*k**2 - k - 32. Let p be c(-4). Suppose -2*t - 586 = -4*q, -p*q - t - 367 + 944 = 0. Calculate the remainder when q is divided by 25.
20
Let r(c) = -4*c**2 + 127*c - 847. Calculate the remainder when 645 is divided by r(18).
73
Suppose 68*y - 671 = 82 - 141. Calculate the remainder when 15 is divided by y.
6
Suppose 5*h + 3*c - 2212 = 0, 4*h - 1793 = -0*h - 5*c. Calculate the remainder when 2069 is divided by h.
321
Let b be -30*6/9*-1. Suppose -2*h = -26 - b. What is the remainder when h is divided by ((-57)/(-21) + -3)*-28?
7
Suppose 0*i - 8*i + 232 = 0. Suppose 345 = 9*s + 300. What is the remainder when i is divided by s?
4
Suppose -367*r - 390 = -730*r + 333*r. What is the remainder when 753 is divided by r?
12
Let p(i) = 2*i**2 - 119*i - 547. Let d = 51 + -34. Calculate the remainder when p(-5) is divided by d.
13
Let t be (24/18 - 15/(-9)) + -372. Let h = 379 + t. What is the remainder when 80 is divided by h?
0
What is the remainder when (-2782)/(-10) - ((-910)/325 - -3*1) is divided by 9?
8
Let p = -119 - -224. Suppose 19*s + 108 = 15*s. What is the rem